 = -531 - -585. Let n = 34 - 15. What is the remainder when u is divided by n?
16
Let k = -60 + 249. What is the remainder when k is divided by 19?
18
Suppose 4*y + 5*c - 3 = 0, -50 = -5*y + 5*c - 2*c. What is the remainder when 312 is divided by y?
4
Suppose -156*v + 194*v - 684 = 0. Calculate the remainder when 104 is divided by v.
14
Let k = -1 + 3. Suppose -99 = -4*d + k*d + 5*s, 3*d = 2*s + 143. What is the remainder when d is divided by (-5 + 1)/(3/(-12))?
15
Let r(c) = 11*c**2 + 48*c - 98. Calculate the remainder when 667 is divided by r(2).
37
Suppose -19*q = -347 - 71. What is the remainder when q is divided by 5?
2
Suppose -674*b - 18 = -680*b. Calculate the remainder when 6 is divided by b.
0
Let h(s) = s + 1. Let u be h(-1). Calculate the remainder when (u - 1) + 1 - (3 - 9) is divided by 5.
1
Let y(l) = -19*l + 131. What is the remainder when 43 is divided by y(6)?
9
Suppose 4*n = -7*n + 7*n. Suppose -7*f - 3*f + 10 = n. What is the remainder when 7 is divided by f?
0
Let x = 392 - 321. What is the remainder when 289 is divided by x?
5
Let i(m) = m**3 + 21*m**2 - 48*m + 30. What is the remainder when i(-23) is divided by 7?
6
Suppose x + 69 = -4*n + 100, -28 = -3*x + n. What is the remainder when 39 is divided by x?
6
Let j = -93 - -83. Let v(t) = t**3 + 10*t**2 - 12*t - 23. Calculate the remainder when v(j) is divided by 7.
6
Let q = 2894 + -1245. Calculate the remainder when q is divided by 55.
54
Let c = -2125 - -2193. Calculate the remainder when 88 is divided by c.
20
Suppose 0*v = -3*v + 27. Calculate the remainder when 190 is divided by -4 + v + -4 - -23.
22
Let d(i) = -i**2 + 21*i - 44. Let s = -177 - -294. What is the remainder when s is divided by d(17)?
21
Suppose -3*g - j - 11 = -3*j, 11 = -4*g - j. Suppose 2*p + 9 = 3*d, 0 = -0*d - d - 3*p - 8. Calculate the remainder when (-259)/g + d/(-3) is divided by 22.
20
Let f = 83 + -40. Let r(w) = w**3 - 7*w**2 + 8*w - 1. What is the remainder when f is divided by r(6)?
10
Let h = 304 + 17. What is the remainder when h/12 - (-12)/(-16) is divided by (28/35)/((-2)/(-25))?
6
Let w(u) = u**3 + 2*u**2 + u + 1. Let d be w(-2). Suppose -3*s + 9*s = 36. Calculate the remainder when d*(-3)/(-3) - -16 is divided by s.
3
Let x = -16 - -25. Let r(y) = -y**3 + 8*y**2 + 11*y. Suppose 2*q - 176 = -0*q. Calculate the remainder when q is divided by r(x).
16
Suppose 4*k = 347 - 251. What is the remainder when 113 is divided by k?
17
Let w(v) = -v**3 + 6*v**2. Let x be w(6). Suppose h + 3*h - 152 = x. What is the remainder when h is divided by (-2 - -4)/(16/104)?
12
Let u = -9 + 6. Let z = 26 + u. Let y = 12 + -4. What is the remainder when z is divided by y?
7
Let x be (5 - 7) + 2 + 1. Suppose -2*f - 8 = 3*m, -2*f - 15 - x = 5*m. Suppose -r - 2 = -f*r. Calculate the remainder when 5 is divided by r.
1
Calculate the remainder when 120 + (-63)/(-35)*5 is divided by 22.
19
Suppose 0 = -2*n + 11 - 5. Suppose -5*h + 256 = -n*h. What is the remainder when h is divided by 33?
29
Let v = -14 + -3. Let j = 34 + v. What is the remainder when 65 is divided by j?
14
Suppose 0 = -0*t + 4*t + 16. Let s = 7 + t. Suppose 3 = -s*b + 6. Calculate the remainder when 3 is divided by b.
0
What is the remainder when (-25)/(414/42 + -10) is divided by 24?
7
Let o(p) = 9*p**3 + 2*p**2 - p + 1. Let h be o(2). Let u = h + -46. Calculate the remainder when u is divided by 7.
5
Let h = 1540 - 1457. Suppose -5*z - 2*n = -4*n - 153, -4*z - 3*n = -104. What is the remainder when h is divided by z?
25
Let v = -121 + 200. Calculate the remainder when v is divided by 10.
9
Let n be 3/6*0/2. Suppose n = 5*q - 1 - 39. Let c = -148 - -170. Calculate the remainder when c is divided by q.
6
Let m = 102 - -162. Suppose -4*o - 166 = 2*w - 4*w, m = 3*w - 3*o. Calculate the remainder when w is divided by 16.
13
Suppose -3*n = 4*i - 2189, -435 = -4*n - 3*i + 2486. Suppose -4*g = 5*u - 115 - 492, 5*g - 3*u - n = 0. Calculate the remainder when g is divided by 30.
28
Suppose v - 66 = 5*k, -v - 2 = 2. Suppose 6*s + 49 - 109 = 0. Calculate the remainder when s is divided by 4/k + (-32)/(-14).
0
Let h(x) = 6*x - 29. Let p be h(21). Suppose -2*q = -0*q + 5*g - 214, -p = -q - 5*g. What is the remainder when q is divided by 24?
21
Let a be 2/((-3)/(81/(-2))). Suppose -5*s = -3*o + 2*o - a, -2*s = -2*o - 6. Let q(l) = -l**2 + 5*l - 1. Calculate the remainder when s is divided by q(2).
1
Suppose -34 = -26*v + 25*v. Let r(i) = i**3 - 3*i**2 - 10*i + 7. Calculate the remainder when r(7) is divided by v.
31
Let o be -3 + 31 + 4/2. Suppose -4*a + o = 3*i, 0*a = -a + 3. Calculate the remainder when 23 is divided by i.
5
Let l = -30 - -44. Let n = -10 - -13. Suppose 4*p + 2*m = 4, n*m - 2 = -5*p + 1. Calculate the remainder when l is divided by p.
2
Suppose 5*h + 84 - 134 = 0. Let g be ((-408)/(-28))/((-2)/(-14)). Suppose 3*c = -21 + g. Calculate the remainder when c is divided by h.
7
Suppose -22 = j + 4*q, j + 3*q - 36 = 2*j. Let s = 55 + j. What is the remainder when 88 is divided by s?
13
Let j(v) = 2*v + 22. Let i be j(-16). Let m be 88/i*5/(-2). Suppose m + 20 = 2*t. Calculate the remainder when t is divided by 12.
9
Let i = 656 - 645. What is the remainder when 130 is divided by i?
9
Suppose 338*j = 344*j - 420. Calculate the remainder when 486 is divided by j.
66
Suppose 0*s - 3*s + 53 = 5*q, 0 = -3*s + q + 29. Suppose 31*j = 28*j + 12. Calculate the remainder when s is divided by j.
3
Suppose 0 = -5*k - 4*x - 10, 5*k - 3*x - x - 30 = 0. Suppose k*v + 312 = 14*v. What is the remainder when 76 is divided by v?
24
Let t(q) = 7*q**2 - 21*q - 1. Let z(j) = -20*j**2 + 62*j + 3. Let f(r) = 17*t(r) + 6*z(r). Let y = 6 - -53. What is the remainder when y is divided by f(14)?
14
Let w be (-12)/(-12) + (37 - (-2 - -1)). Let m = w + -21. What is the remainder when 89 is divided by m?
17
Suppose 223 = 139*i - 138*i. Calculate the remainder when 671 is divided by i.
2
Let y be (-1)/(2/(-10)) + -2. Suppose w - y*w = -2. What is the remainder when 3 is divided by w?
0
Let i(b) = b**2 - 11*b + 7. Let v = 83 + -47. Suppose 4*u + 0*u - v = 0. Calculate the remainder when i(13) is divided by u.
6
Suppose 3*v - 68 = 4*j, -2*v + 36 = -2*j - 0*v. Let q be 80/3 + (-24)/36. Let x = q + j. Calculate the remainder when 21 is divided by x.
9
Let v(r) = -31*r**3 + r**2 + 3*r + 2. Let y be 6/(-4) + (-5)/(-50)*5. What is the remainder when v(y) is divided by 18?
13
Let q = -139 + 238. Suppose 2*c = 3*a + a - 100, 4 = 2*c. Calculate the remainder when q is divided by a.
21
Suppose -5*n = 25, 12*h - n = 8*h + 253. What is the remainder when h is divided by 40?
22
Let u = 30 - 24. Suppose 23 = 3*s + u*z - 2*z, 4*z + 4 = 0. What is the remainder when 25 is divided by s?
7
Let a(b) = -b - 2. Let v be 3 - 4*1/(-2). Suppose 3*u = -v*x + 22, 2*x + 0 + 2 = 0. What is the remainder when u is divided by a(-7)?
4
Let d be 1/(-1) + (0 - 2 - -23). What is the remainder when 16 is divided by (-12)/d + 152/20?
2
Let f = -1673 + 1695. Calculate the remainder when 41 is divided by f.
19
Let d = -345 + 425. What is the remainder when d is divided by 39?
2
Let q = -1819 + 1827. Calculate the remainder when 118 is divided by q.
6
Let h = -7 + 34. Suppose 102 + 322 = 4*q. Calculate the remainder when q is divided by h.
25
Let m = 273 - 256. Let t = 106 - 150. Let p = 111 + t. What is the remainder when p is divided by m?
16
Suppose 5*p - 26 - 39 = 0. Suppose l = 4*l - 15. Calculate the remainder when p is divided by (5/1)/(6 - l).
3
Suppose 27*y + 20*y - 470 = 0. Let x(j) be the second derivative of -23*j**3/3 + j**2/2 - j. What is the remainder when x(-1) is divided by y?
7
Suppose 20*n = -n + 1092. Calculate the remainder when 88 is divided by n/(-91) - (-137)/7.
12
Suppose 2*d = -2*h + 2, h + 2*h = -2*d + 8. What is the remainder when 89 is divided by (-3*h)/(-4 + 3)?
17
Suppose -5*v = -2*v + 12. Let d be (-432)/v - -2 - 0. Suppose -2*n = -3*o + d, 4*o - 148 = 5*n - n. Calculate the remainder when o is divided by 13.
10
Let r(i) = -3*i - 62. What is the remainder when r(-36) is divided by ((-17)/4)/((-1)/4)?
12
Let r(u) = -124*u - 176. Calculate the remainder when r(-3) is divided by 49.
0
Suppose -k + 70 + 64 = 4*u, 0 = u + 5*k - 24. What is the remainder when u is divided by 26?
8
Sup